{"id":1543,"date":"2017-12-04T22:32:40","date_gmt":"2017-12-04T22:32:40","guid":{"rendered":"http:\/\/www.comitatoperlinate.info\/?page_id=1543"},"modified":"2025-02-21T10:40:34","modified_gmt":"2025-02-21T10:40:34","slug":"la-nostra-storia","status":"publish","type":"page","link":"https:\/\/www.comitatoperlinate.info\/index.php\/chi-siamo\/la-nostra-storia\/","title":{"rendered":"La nostra storia"},"content":{"rendered":"<p><em>In data 25 febbraio 2016, presso la sede dell\u2019 U.S.D. SPORTING L&amp;B in Via Alfieri a Linate fraz. di Peschiera Borromeo (Mi) \u2013 si \u00e8 costituito spontaneamente un Comitato di cittadini di Linate denominato: &#8220;Comitato per Linate&#8221;<\/em><\/p>\n<p><em><span style=\"color: #000000;\">Il 17\/11\/2016, diciannove soci fondatori hanno sottoscritto l&#8217;Atto Costitutivo e lo Statuto per diventare Associazione di Volontariato<\/span><\/em><\/p>\n<p><em>Con Decreto Dirigenziale, Protocollo 44433\/201 del 21\/02\/2017, si decreta che la nostra Associazione, iscritta al Registro Generale Regionale al n. MI-804 della Sezione Provinciale di Milano, acquisisce la qualifica di O.N.L.U.S. come previsto dal D.LGS 460\/97<\/em><\/p>\n<p><a href=\"https:\/\/www.comitatoperlinate.info\/wp-content\/uploads\/2016\/03\/Decreto-Dirigenziale-Provinica-iscrizione.pdf\">Decreto Dirigenziale Provincia <\/a><\/p>\n<p><em>Il 5 giugno 2019, con Assemblea Straordinaria, vengono approvate le modifiche dello Statuto per l&#8217;adeguamento al Codice del Terzo Settore, D.Lgs 117\/2017 ai sensi dell&#8217;art. 101, comma 2<\/em><\/p>\n<p><em>Il 23 Gennaio 2023, con numero di Repertorio 96621, l&#8217;Associazione \u00e8 stata iscritta al Registro Unico Nazionale del Terzo Settore<\/em><\/p>\n\n\n<p><\/p>\n","protected":false},"excerpt":{"rendered":"<p>In data 25 febbraio 2016, presso la sede dell\u2019 U.S.D. SPORTING L&amp;B in Via Alfieri a Linate fraz. di Peschiera Borromeo (Mi) \u2013 si \u00e8 costituito spontaneamente un Comitato di cittadini di Linate denominato: &#8220;Comitato per Linate&#8221; Il 17\/11\/2016, diciannove soci fondatori hanno sottoscritto l&#8217;Atto Costitutivo e lo Statuto per diventare Associazione di Volontariato Con\u2026 <span class=\"read-more\"><a href=\"https:\/\/www.comitatoperlinate.info\/index.php\/chi-siamo\/la-nostra-storia\/\">Leggi tutto &raquo;<\/a><\/span><\/p>\n","protected":false},"author":1,"featured_media":0,"parent":20,"menu_order":0,"comment_status":"closed","ping_status":"closed","template":"","meta":{"jetpack_post_was_ever_published":false,"footnotes":""},"class_list":["post-1543","page","type-page","status-publish","hentry"],"jetpack_shortlink":"https:\/\/wp.me\/P7mGx5-oT","jetpack-related-posts":[{"id":1553,"url":"https:\/\/www.comitatoperlinate.info\/index.php\/chi-siamo\/statuto-atto-costitutivo\/","url_meta":{"origin":1543,"position":0},"title":"Statuto e Atto Costitutivo","author":"comitatoper_info","date":"04\/12\/2017","format":false,"excerpt":"\u00a0 L'Assemblea Straordinaria del 5\/6\/2019\u00a0 nell\u2019ambito dell\u2019adeguamento al Codice del Terzo Settore, D.lgs. 117\/2017 ai sensi dell\u2019art. 101, comma 2, approva all\u2019unanimit\u00e0 il nuovo statuto contenente le nuove disposizioni per le organizzazioni di volontariato ai sensi degli art. 32, 33 e 34 e degli articoli correlati al Titolo II, III\u2026","rel":"","context":"Articolo simile","block_context":{"text":"Articolo simile","link":""},"img":{"alt_text":"","src":"","width":0,"height":0},"classes":[]},{"id":2477,"url":"https:\/\/www.comitatoperlinate.info\/index.php\/chi-siamo\/vuoi-sostenerci\/","url_meta":{"origin":1543,"position":1},"title":"Sostienici","author":"comitatoper_info","date":"02\/07\/2019","format":false,"excerpt":"La nostra Associazione Comitato per Linate - ODV si autofinanza con le quote associative e con contributi volontari Il tuo aiuto \u00e8 indispensabile per aiutare la crescita della nostra realt\u00e0 e per la realizzazione dei nostri progetti Puoi sostenere la nostra attivit\u00e0 con un bonifico bancario sul nostro conto corrente\u2026","rel":"","context":"Articolo simile","block_context":{"text":"Articolo simile","link":""},"img":{"alt_text":"","src":"https:\/\/i0.wp.com\/www.paypal.com\/it_IT\/i\/scr\/pixel.gif?resize=350%2C200&ssl=1","width":350,"height":200},"classes":[]},{"id":6127,"url":"https:\/\/www.comitatoperlinate.info\/index.php\/chi-siamo\/finalita-e-attivita-deloassociazione\/","url_meta":{"origin":1543,"position":2},"title":"Finalit\u00e0 e attivit\u00e0 dell&#8217;Associazione","author":"comitatoper_info","date":"21\/02\/2025","format":false,"excerpt":"Finalit\u00e0 dell\u2019Associazione Il Comitato per Linate \u00e8 un ente del Terzo Settore, apartitico e senza scopo di lucro, con obiettivi civici, solidaristici e di utilit\u00e0 sociale. Coinvolgere i cittadini nella vita civile, politica e sociale; Assistere persone in difficolt\u00e0 nella gestione di pratiche amministrative; Promuovere la solidariet\u00e0 e il volontariato;\u2026","rel":"","context":"Articolo simile","block_context":{"text":"Articolo simile","link":""},"img":{"alt_text":"","src":"","width":0,"height":0},"classes":[]},{"id":20,"url":"https:\/\/www.comitatoperlinate.info\/index.php\/chi-siamo\/","url_meta":{"origin":1543,"position":3},"title":"Chi siamo","author":"comitatoper_info","date":"07\/03\/2016","format":false,"excerpt":"In data 25 febbraio 2016, presso la sede dell\u2019 U.S.D. SPORTING L&B in Via Alfieri a Linate fraz. di Peschiera Borromeo (Mi) \u2013 si \u00e8 costituito spontaneamente un Comitato di cittadini di Linate denominato: \u201cComitato per Linate\u201d Finalit\u00e0 dell\u2019Associazione Il Comitato \u00e8 un ente del Terzo Settore, apartitico e senza\u2026","rel":"","context":"Articolo simile","block_context":{"text":"Articolo simile","link":""},"img":{"alt_text":"","src":"","width":0,"height":0},"classes":[]},{"id":24,"url":"https:\/\/www.comitatoperlinate.info\/index.php\/chi-siamo\/contatti\/","url_meta":{"origin":1543,"position":4},"title":"Contatti","author":"comitatoper_info","date":"07\/03\/2016","format":false,"excerpt":"Comitato per Linate - ODV - Organizzazione di VolontariatoViale Rimembranze, 1820068 Linate fraz. di Peschiera BorromeoCodice Fiscale 97766600155 Per informazioni o segnalazioni scrivi a comitatoperlinate@gmail.com\u00a0\u00a0 oppure cell.\u00a0 347 1507373 \u00a0","rel":"","context":"Articolo simile","block_context":{"text":"Articolo simile","link":""},"img":{"alt_text":"","src":"","width":0,"height":0},"classes":[]},{"id":2135,"url":"https:\/\/www.comitatoperlinate.info\/index.php\/privacy-policy\/","url_meta":{"origin":1543,"position":5},"title":"Privacy Policy","author":"comitatoper_info","date":"26\/01\/2019","format":false,"excerpt":"Cookie Policy La presente informativa \u00e8 resa ai sensi degli artt. 13 e 14 del Regolamento UE 2016\/ 679 (di seguito, Reg. Ue.) a coloro che hanno fornito dati personali mediante la compilazione del\u00a0form\u00a0\u201ccontatti\u201d presente nel nostro sito all\u2019indirizzo www.comitatoperlinate.info La presente informativa \u00e8 valida solo per questo sito\u00a0web\u00a0e non\u2026","rel":"","context":"Articolo simile","block_context":{"text":"Articolo simile","link":""},"img":{"alt_text":"","src":"","width":0,"height":0},"classes":[]}],"jetpack_sharing_enabled":true,"_links":{"self":[{"href":"https:\/\/www.comitatoperlinate.info\/index.php\/wp-json\/wp\/v2\/pages\/1543","targetHints":{"allow":["GET"]}}],"collection":[{"href":"https:\/\/www.comitatoperlinate.info\/index.php\/wp-json\/wp\/v2\/pages"}],"about":[{"href":"https:\/\/www.comitatoperlinate.info\/index.php\/wp-json\/wp\/v2\/types\/page"}],"author":[{"embeddable":true,"href":"https:\/\/www.comitatoperlinate.info\/index.php\/wp-json\/wp\/v2\/users\/1"}],"replies":[{"embeddable":true,"href":"https:\/\/www.comitatoperlinate.info\/index.php\/wp-json\/wp\/v2\/comments?post=1543"}],"version-history":[{"count":6,"href":"https:\/\/www.comitatoperlinate.info\/index.php\/wp-json\/wp\/v2\/pages\/1543\/revisions"}],"predecessor-version":[{"id":6126,"href":"https:\/\/www.comitatoperlinate.info\/index.php\/wp-json\/wp\/v2\/pages\/1543\/revisions\/6126"}],"up":[{"embeddable":true,"href":"https:\/\/www.comitatoperlinate.info\/index.php\/wp-json\/wp\/v2\/pages\/20"}],"wp:attachment":[{"href":"https:\/\/www.comitatoperlinate.info\/index.php\/wp-json\/wp\/v2\/media?parent=1543"}],"curies":[{"name":"wp","href":"https:\/\/api.w.org\/{rel}","templated":true}]}}